{"id":17,"date":"2020-01-03T15:59:33","date_gmt":"2020-01-03T14:59:33","guid":{"rendered":"http:\/\/fermedechamorin.fr\/?page_id=17"},"modified":"2023-06-30T23:50:39","modified_gmt":"2023-06-30T21:50:39","slug":"situation-geographique","status":"publish","type":"page","link":"https:\/\/fermedechamorin.fr\/index.php\/situation-geographique\/","title":{"rendered":"Situation g\u00e9ographique"},"content":{"rendered":"\n<p class=\"has-drop-cap\">Havre de calme et de paix, b\u00e9n\u00e9ficiant d&rsquo;un point de vue exceptionnel, notre ferme est situ\u00e9e \u00e0 <strong>Verclause<\/strong> en <strong><a rel=\"noreferrer noopener\" aria-label=\" (s\u2019ouvre dans un nouvel onglet)\" href=\"https:\/\/www.dromeprovencale.fr\/\" target=\"_blank\">Dr\u00f4me proven\u00e7ale<\/a><\/strong>, au coeur du Parc naturel r\u00e9gional des <strong><a href=\"https:\/\/www.baronnies-provencales.fr\/\" target=\"_blank\" rel=\"noreferrer noopener\">Baronnies proven\u00e7ales<\/a><\/strong>, pays du tilleul et de la lavande, au croisement des influences alpines et proven\u00e7ales. Altitude 550 m.<\/p>\n\n\n\n<div class=\"wp-block-columns is-layout-flex wp-container-core-columns-is-layout-9d6595d7 wp-block-columns-is-layout-flex\">\n<div class=\"wp-block-column is-layout-flow wp-block-column-is-layout-flow\">\n<div class=\"wp-block-image\"><figure class=\"alignright size-large\"><img loading=\"lazy\" decoding=\"async\" width=\"200\" height=\"194\" src=\"https:\/\/fermedechamorin.fr\/wp-content\/uploads\/2020\/01\/carte-france-drome.gif\" alt=\"\" class=\"wp-image-177\"\/><\/figure><\/div>\n<\/div>\n\n\n\n<div class=\"wp-block-column is-layout-flow wp-block-column-is-layout-flow\">\n<figure class=\"wp-block-image size-large\"><img loading=\"lazy\" decoding=\"async\" width=\"186\" height=\"229\" src=\"https:\/\/fermedechamorin.fr\/wp-content\/uploads\/2020\/01\/carte_drome.gif\" alt=\"\" class=\"wp-image-176\"\/><\/figure>\n<\/div>\n<\/div>\n\n\n\n<figure class=\"wp-block-gallery columns-3 is-cropped wp-block-gallery-2 is-layout-flex wp-block-gallery-is-layout-flex\"><ul class=\"blocks-gallery-grid\"><li class=\"blocks-gallery-item\"><figure><img loading=\"lazy\" decoding=\"async\" width=\"576\" height=\"1024\" src=\"https:\/\/fermedechamorin.fr\/wp-content\/uploads\/2020\/01\/DSC_2797-3-576x1024.jpg\" alt=\"\" data-id=\"403\" data-link=\"https:\/\/fermedechamorin.fr\/index.php\/situation-geographique\/dsc_2797-3\/\" class=\"wp-image-403\" srcset=\"https:\/\/fermedechamorin.fr\/wp-content\/uploads\/2020\/01\/DSC_2797-3-576x1024.jpg 576w, https:\/\/fermedechamorin.fr\/wp-content\/uploads\/2020\/01\/DSC_2797-3-169x300.jpg 169w, https:\/\/fermedechamorin.fr\/wp-content\/uploads\/2020\/01\/DSC_2797-3-768x1365.jpg 768w, https:\/\/fermedechamorin.fr\/wp-content\/uploads\/2020\/01\/DSC_2797-3-864x1536.jpg 864w, https:\/\/fermedechamorin.fr\/wp-content\/uploads\/2020\/01\/DSC_2797-3-1152x2048.jpg 1152w, https:\/\/fermedechamorin.fr\/wp-content\/uploads\/2020\/01\/DSC_2797-3-scaled.jpg 1440w\" sizes=\"auto, (max-width: 576px) 100vw, 576px\" \/><\/figure><\/li><li class=\"blocks-gallery-item\"><figure><img loading=\"lazy\" decoding=\"async\" width=\"403\" height=\"667\" src=\"https:\/\/fermedechamorin.fr\/wp-content\/uploads\/2020\/01\/vautour-fauve.jpg\" alt=\"\" data-id=\"409\" data-full-url=\"https:\/\/fermedechamorin.fr\/wp-content\/uploads\/2020\/01\/vautour-fauve.jpg\" data-link=\"https:\/\/fermedechamorin.fr\/index.php\/situation-geographique\/vautour-fauve\/\" class=\"wp-image-409\" srcset=\"https:\/\/fermedechamorin.fr\/wp-content\/uploads\/2020\/01\/vautour-fauve.jpg 403w, https:\/\/fermedechamorin.fr\/wp-content\/uploads\/2020\/01\/vautour-fauve-181x300.jpg 181w\" sizes=\"auto, (max-width: 403px) 100vw, 403px\" \/><\/figure><\/li><li class=\"blocks-gallery-item\"><figure><img loading=\"lazy\" decoding=\"async\" width=\"768\" height=\"1024\" src=\"https:\/\/fermedechamorin.fr\/wp-content\/uploads\/2020\/01\/20190619_104417-768x1024.jpg\" alt=\"\" data-id=\"253\" data-link=\"https:\/\/fermedechamorin.fr\/20190619_104417\/\" class=\"wp-image-253\" srcset=\"https:\/\/fermedechamorin.fr\/wp-content\/uploads\/2020\/01\/20190619_104417-768x1024.jpg 768w, https:\/\/fermedechamorin.fr\/wp-content\/uploads\/2020\/01\/20190619_104417-225x300.jpg 225w, https:\/\/fermedechamorin.fr\/wp-content\/uploads\/2020\/01\/20190619_104417-1152x1536.jpg 1152w, https:\/\/fermedechamorin.fr\/wp-content\/uploads\/2020\/01\/20190619_104417-1536x2048.jpg 1536w, https:\/\/fermedechamorin.fr\/wp-content\/uploads\/2020\/01\/20190619_104417-scaled.jpg 1920w\" sizes=\"auto, (max-width: 767px) 89vw, (max-width: 1000px) 54vw, (max-width: 1071px) 543px, 580px\" \/><\/figure><\/li><\/ul><\/figure>\n\n\n\n<figure class=\"wp-block-embed aligncenter is-type-video is-provider-youtube wp-block-embed-youtube wp-embed-aspect-16-9 wp-has-aspect-ratio\"><div class=\"wp-block-embed__wrapper\">\n<iframe loading=\"lazy\" title=\"Baronnies proven\u00e7ales - Bande annonce\" width=\"525\" height=\"295\" src=\"https:\/\/www.youtube.com\/embed\/88zbh_IKbpE?feature=oembed\" frameborder=\"0\" allow=\"accelerometer; autoplay; clipboard-write; encrypted-media; gyroscope; picture-in-picture; web-share\" referrerpolicy=\"strict-origin-when-cross-origin\" allowfullscreen><\/iframe>\n<\/div><figcaption>Paysages des Baronnies Proven\u00e7ales<\/figcaption><\/figure>\n\n\n\n<p><\/p>\n","protected":false},"excerpt":{"rendered":"<p>Havre de calme et de paix, b\u00e9n\u00e9ficiant d&rsquo;un point de vue exceptionnel, notre ferme est situ\u00e9e \u00e0 Verclause en Dr\u00f4me proven\u00e7ale, au coeur du Parc naturel r\u00e9gional des Baronnies proven\u00e7ales, pays du tilleul et de la lavande, au croisement des influences alpines et proven\u00e7ales. Altitude 550 m.<\/p>\n","protected":false},"author":1,"featured_media":142,"parent":0,"menu_order":0,"comment_status":"closed","ping_status":"closed","template":"","meta":{"_monsterinsights_skip_tracking":false,"_monsterinsights_sitenote_active":false,"_monsterinsights_sitenote_note":"","_monsterinsights_sitenote_category":0,"footnotes":""},"class_list":["post-17","page","type-page","status-publish","has-post-thumbnail","hentry"],"_links":{"self":[{"href":"https:\/\/fermedechamorin.fr\/index.php\/wp-json\/wp\/v2\/pages\/17","targetHints":{"allow":["GET"]}}],"collection":[{"href":"https:\/\/fermedechamorin.fr\/index.php\/wp-json\/wp\/v2\/pages"}],"about":[{"href":"https:\/\/fermedechamorin.fr\/index.php\/wp-json\/wp\/v2\/types\/page"}],"author":[{"embeddable":true,"href":"https:\/\/fermedechamorin.fr\/index.php\/wp-json\/wp\/v2\/users\/1"}],"replies":[{"embeddable":true,"href":"https:\/\/fermedechamorin.fr\/index.php\/wp-json\/wp\/v2\/comments?post=17"}],"version-history":[{"count":20,"href":"https:\/\/fermedechamorin.fr\/index.php\/wp-json\/wp\/v2\/pages\/17\/revisions"}],"predecessor-version":[{"id":634,"href":"https:\/\/fermedechamorin.fr\/index.php\/wp-json\/wp\/v2\/pages\/17\/revisions\/634"}],"wp:featuredmedia":[{"embeddable":true,"href":"https:\/\/fermedechamorin.fr\/index.php\/wp-json\/wp\/v2\/media\/142"}],"wp:attachment":[{"href":"https:\/\/fermedechamorin.fr\/index.php\/wp-json\/wp\/v2\/media?parent=17"}],"curies":[{"name":"wp","href":"https:\/\/api.w.org\/{rel}","templated":true}]}}